5). Suppose -14 = -5*i + j. Suppose -q + 7 = i. List the prime factors of q.
2
Suppose 5*c = -25, 3*l - 3340 = -2*l + 4*c. Suppose -q + l = 4*k - 0*q, 2*k - q - 332 = 0. What are the prime factors of k?
2, 83
Let w = -2808 - -4715. What are the prime factors of w?
1907
Let l(k) = -17*k - 9. Let n be l(-8). Suppose a - 81 = -5*q, -3*a - 3*q + n = -a. List the prime factors of a.
2, 7
Let b = 3 - -9. Suppose -2*a + 0*a = -b. Suppose 2*i + a = 5*d, 3*d = -5*i - 2*d + 55. What are the prime factors of i?
7
Let f be -4 + (34 - 0) + -1. Suppose 4*y - 265 = -f. What are the prime factors of y?
59
Let a(j) = 46*j**2 - 6*j - 21. What are the prime factors of a(-3)?
3, 137
Let z(t) = 4*t**2 - 6*t + 2. Let b be 20/6*(-6)/(-4). Let i be z(b). Suppose -5*w + i = -w. List the prime factors of w.
2, 3
Suppose -62*u + 10*u + 32864 = 0. What are the prime factors of u?
2, 79
Let p be -11 + 1 + (-15 - -12). Let d = p - -38. Let x = -6 + d. What are the prime factors of x?
19
Suppose -3*t - 6 = -2*c, 0 = -2*c - 2*t - 7 + 3. Let y be 24*((-48)/9 + c). Let x = 180 + y. List the prime factors of x.
2, 13
Let s(m) = 30*m**2 + 339*m + 4. List the prime factors of s(10).
2, 23, 139
Suppose -2*v + 902 = n - 6*v, -5*n = 5*v - 4485. List the prime factors of n.
2, 449
What are the prime factors of 88/12*(-20619)/(-58)?
3, 11, 79
Let g(y) = y**2 + 2*y + 2. Let d be g(-2). Let n(j) = -5 + 3*j + 12*j + 4 - 5*j. What are the prime factors of n(d)?
19
List the prime factors of 172/3 - (20/4)/15.
3, 19
Suppose 3*l + f - 62 = -0*f, 5*f - 16 = -l. Let n(s) = 8*s - 1. Let u be n(-1). Let a = u + l. What are the prime factors of a?
2, 3
Let d(c) = -181*c - 396. What are the prime factors of d(-6)?
2, 3, 5, 23
Let x = 486 + -275. What are the prime factors of x?
211
What are the prime factors of ((-21)/(-9))/((-2)/(-444))?
2, 7, 37
Let j = 94 - 183. Let a = 29 - j. List the prime factors of a.
2, 59
Let d(t) be the second derivative of 4*t**3/3 + 3*t**2/2 - 10*t. Let s be (-3)/(-5) - 24/(-10). List the prime factors of d(s).
3
Let n = -3156 + 6621. List the prime factors of n.
3, 5, 7, 11
Suppose -9*g + 1480 = -2435. List the prime factors of g.
3, 5, 29
Suppose 0 = -3*t - 3*b + 63, 4*b + 60 = 2*t + 6. Let d = t + 11. Let a = 49 - d. What are the prime factors of a?
3, 5
Let o(j) = j**3 + 2*j**2 - 2. Let r be o(-3). Let c = r - -15. Suppose 5*q - c*n = 0, 2*n - 3 = 3*q - n. What are the prime factors of q?
2
Let j(h) = 63*h**2 - h - 2. Let y be j(2). Let g = y + -168. List the prime factors of g.
2, 5
What are the prime factors of (-2 + (-8)/(-6))*200838/(-44)?
17, 179
Let b be 2/((-3153)/1053 + 0 - -3). Let i = b + -125. List the prime factors of i.
2, 113
Let v = -1 + 4. Suppose 0*p + p - 19 = -5*k, 2*p - 17 = -v*k. Suppose -b + 8 = -p. List the prime factors of b.
2, 3
Let q be (12/60)/((-1)/5). Let v = q - -31. What are the prime factors of v?
2, 3, 5
Suppose -3145 - 1420 = -11*d. List the prime factors of (d/10)/(5/30).
3, 83
Suppose 0 = 5*v - 1085 - 195. Suppose -v = -4*l + 136. List the prime factors of l.
2, 7
Suppose 0 = -61*y + 60*y + 485. What are the prime factors of y?
5, 97
Let v = -47 + 47. List the prime factors of (v - 0) + 130 - (-9 + 11).
2
Let k be ((-4)/(-1))/(6/9). Suppose -q + k = 13. List the prime factors of 62/6 + q/21.
2, 5
List the prime factors of 1*179*(38 - 37).
179
Let u be (0 - (-5 + 2)) + 1*2. Suppose -5*p - 9 = -b, u*b + 4*p + p - 195 = 0. What are the prime factors of b?
2, 17
Let a = 34 - 34. Suppose 7*r = -5*s + 3*r + 756, a = 3*s + 4*r - 452. What are the prime factors of s?
2, 19
Let c(a) be the first derivative of -3*a**2/2 + 18*a + 40. List the prime factors of c(-8).
2, 3, 7
Let w = 47 + -68. Let a = w + 23. Suppose -33 = -a*k + 73. List the prime factors of k.
53
Let g = -40 + 45. Let q = 5 - 3. Suppose 10 = q*p - p + 4*k, 7 = p + g*k. List the prime factors of p.
2, 11
Suppose 4*u = 5 + 59. Let z = u + -13. Suppose -3*w + 126 + z = 0. What are the prime factors of w?
43
Let h be ((-12)/10)/((-4)/50). Let x = h + -18. What are the prime factors of x + 32/2 + -1?
2, 3
Let u be (-137)/9 + 4/18. Let h be (-2)/(-3)*u/10. What are the prime factors of (4/(8/(-34)))/h?
17
List the prime factors of (-6)/4*(-150080)/420.
2, 67
Suppose -4 = a, -3*u + 4*u = -3*a - 16. What are the prime factors of (-2)/((-10)/(-3) + u)?
3
Let f = 22 + -18. Suppose 232 = 4*p - h, p + 232 = 5*p - f*h. Suppose 117 = 4*a - 3*l, -2*a = -2*l - p - 0. List the prime factors of a.
2, 3, 5
Suppose -2*g - 27 = -5*q - 3*g, 2*q - 8 = g. Suppose 0 = q*a, -a = y - 73 + 12. What are the prime factors of y?
61
Let h(m) = -m**2 + 1. Let b(f) = 7*f - 4. Let v(n) = -b(n) - h(n). List the prime factors of v(0).
3
Let d(b) = 2*b**2 - 6*b - 9. Let q be d(8). Suppose 4*y - 5*y = -q. List the prime factors of y.
71
Suppose -n - 4*f + 99 = 0, 0*n + 2*f = 5*n - 385. Suppose -96 - 62 = -2*v + 4*q, -n = -v - 4*q. What are the prime factors of v?
79
Suppose 180*q - 174*q - 4818 = 0. What are the prime factors of q?
11, 73
Suppose 0 = 3*g - 5*g + 10, 4*g = -5*d - 5. Let c(y) = y + 12. Let b be c(d). Let o(u) = -u**3 + 7*u**2 + u + 3. What are the prime factors of o(b)?
2, 5
Let f = 6718 + -4370. What are the prime factors of f?
2, 587
Let d = -38 - -39. Suppose -m = 2*h - 5, 4*h + 5*m = -0 + d. List the prime factors of h.
2
Suppose -p - 85 = -5*x - 5*p, 0 = -x + 4*p + 41. List the prime factors of (x/(-6))/((-4)/176).
2, 7, 11
Suppose 41 = 2*m - 0*l + 3*l, -4*m + 4*l + 52 = 0. What are the prime factors of m?
2
Suppose 2*b = 4*b - 6. Suppose -12 = -r - 4*o, -7 + 22 = -b*r + 5*o. Suppose -w + 5 + 0 = r. What are the prime factors of w?
5
Let x be 251 + 8/3 + 6/(-9). Let i = -59 + x. List the prime factors of i.
2, 97
Let w = -67 - -271. What are the prime factors of w?
2, 3, 17
Let h(y) = 13*y - 22 - 17*y**2 - 13*y - y**3 + 13*y. List the prime factors of h(-18).
2, 17
Let z(k) = 2*k - 45. Let s be z(18). What are the prime factors of s/((-117)/908) + (-2)/(-13)?
2, 5, 7
Let h(i) = -i + 4. Let f be h(0). List the prime factors of 3/((-6)/(-37))*f.
2, 37
Let i(f) = f**3 + 12*f**2 + 14*f - 3. What are the prime factors of i(-8)?
3, 47
Let i(z) = 132*z - 403. What are the prime factors of i(16)?
1709
Let j = 4130 - 2900. List the prime factors of j.
2, 3, 5, 41
Let p(v) = v**2 - 7*v + 6. Let g be p(6). Suppose -3 = -t - g*t. Suppose 0 = a - t*a + 46. List the prime factors of a.
23
List the prime factors of (-4 - 143/2)*(-8 + -6).
7, 151
Let b(l) = -l**2 + 7*l + 8. Let a be b(8). Suppose a = -3*v + m + 36, 2*v - 24 = -0*v + 4*m. List the prime factors of ((-28)/8)/(-7)*v.
2, 3
Suppose -1240 = -2*s + 4*g, 4*s + 28*g - 29*g - 2452 = 0. What are the prime factors of s?
2, 3, 17
Let f(y) = -y**2 + 47*y - 82. List the prime factors of f(16).
2, 3, 23
Let o(t) = 2198*t**2 + 17*t - 16. List the prime factors of o(1).
3, 733
Suppose -t - 5*y = -626, -2*y - 1204 = -6*t + 4*t. List the prime factors of t.
2, 3, 101
Let i be (117 - 17)*4/10. Suppose -h - j = -2, 3*h + 2*h - i = 5*j. Suppose 0 = -2*r - 4*n + 84, r + 4*n + 216 = h*r. What are the prime factors of r?
2, 5
Let x = 35 + -32. Suppose -x*a - 4 = -16. Suppose c - 3*t = 4*c - 93, a = 2*t. What are the prime factors of c?
29
Let a = 1798 + -1192. List the prime factors of a.
2, 3, 101
What are the prime factors of (-7733)/(-11) + 0/(-4)?
19, 37
Let t be 2/3 + 5/15. List the prime factors of -3 + 4 + 1 - t*-263.
5, 53
Let g(f) be the second derivative of f**4/4 + 5*f**3/3 - 29*f**2/2 - 20*f. List the prime factors of g(5).
2, 3
Let p(k) = 3*k**2 + k - 4. Let i be p(-2). Let h(o) = 11*o - 2 - 1 - 3*o - 6. What are the prime factors of h(i)?
3, 13
Let v(a) = a**2 - a - 4. Let w be v(4). Suppose 2*q + 8 = t - 1, -4*q - w = 0. What are the prime factors of t?
5
List the prime factors of 11/(-6) + 2 + (-10341)/(-162).
2
Let t be (-12)/54 + (-32)/18. What are the prime factors of 0 - (78/t - -3)?
2, 3
Let t(i) = -5*i - 10. Let r be t(-3). Suppose r*b = -0*b + 310. What are the prime factors of b?
2, 31
Suppose -4*a + 28 = 4*w, -2*a = 4*w - a - 16. Suppose w*k = -4*r + 6*k + 12, 0 = -k - 4. Suppose r = 2*n - 19 - 11. List the prime factors of n.
3, 5
Let p = 31 + -31. What are the prime factors of (-818)/(-12) - (5/30 - p)?
2, 17
Let i be (9/36)/(2/(-8))